76917 composite?
False
Is 1355098769 composite?
True
Is 2774515343 composite?
True
Is 6022641637 prime?
False
Is 3265927709 a composite number?
True
Is 7981230607 a prime number?
False
Is 892330889 a prime number?
True
Is 9009236711 a prime number?
True
Is 333815921 a composite number?
True
Is 3808935887 prime?
False
Is 501529229 a composite number?
True
Is 2472855689 composite?
False
Is 509938643 composite?
True
Is 63244480157 composite?
True
Is 1828428673 prime?
True
Is 24443039651 prime?
True
Is 7747365293 prime?
False
Is 442480937 composite?
True
Is 3799367261 prime?
False
Is 90590156177 composite?
True
Is 1872645233 a prime number?
True
Is 1067027879 a prime number?
False
Is 35136336581 a prime number?
True
Is 14744686531 a prime number?
True
Is 1489464667 a composite number?
False
Is 12445445611 a prime number?
False
Is 17003294317 a prime number?
False
Is 21137609 composite?
False
Is 1886156241 a composite number?
True
Is 138728153 a prime number?
True
Is 2612856893 a prime number?
False
Is 4490734967 a composite number?
False
Is 122461194017 composite?
True
Is 1439112131 prime?
True
Is 52902221651 prime?
True
Is 3553349933 a prime number?
False
Is 140483789 a prime number?
True
Is 705394441 a prime number?
True
Is 9989043833 a prime number?
False
Is 1000385783515 prime?
False
Is 50745542641 composite?
True
Is 30737897219 prime?
True
Is 1105585751 prime?
True
Is 680346497 a composite number?
True
Is 12508032437 a composite number?
False
Is 29763199 composite?
True
Is 35635022569 prime?
True
Is 3758430171 a composite number?
True
Is 4195415463 composite?
True
Is 2138303883 a prime number?
False
Is 20856744241 a prime number?
False
Is 193717177 a composite number?
True
Is 54249726161 composite?
True
Is 254150360999 composite?
True
Is 3745921213 prime?
False
Is 10351219157 prime?
False
Is 1817473613 composite?
False
Is 11253029269 composite?
False
Is 6221356433 a composite number?
False
Is 284666313 composite?
True
Is 28092847267 prime?
True
Is 3978517789 composite?
True
Is 3966221923 a composite number?
True
Is 4846779703 a composite number?
True
Is 2356666607 prime?
True
Is 51837606761 prime?
False
Is 47294436023 composite?
False
Is 1702854121 prime?
False
Is 722306911 a composite number?
True
Is 592599979 prime?
False
Is 2916980563 composite?
True
Is 5629020853 a prime number?
False
Is 58208340394 a composite number?
True
Is 51759740051 a prime number?
True
Is 103924030289 a composite number?
True
Is 605411647 a composite number?
False
Is 99659723 a composite number?
False
Is 3225313579 prime?
True
Is 1789785509 prime?
False
Is 272164843 composite?
False
Is 1391387399 a composite number?
False
Is 389681137 a prime number?
True
Is 2800204123 a composite number?
True
Is 28361597447 prime?
False
Is 31048819 composite?
False
Is 39089708327 composite?
False
Is 41614144381 prime?
False
Is 545305513 composite?
False
Is 102078339379 a composite number?
False
Is 19532578693 composite?
True
Is 254894041 prime?
False
Is 283566509 a prime number?
True
Is 1465303003 composite?
False
Is 28358725853 composite?
False
Is 74945279 prime?
True
Is 405173845 composite?
True
Is 1432903999 prime?
False
Is 209358938 composite?
True
Is 201574719821 composite?
True
Is 60345057889 a prime number?
True
Is 41860450207 a prime number?
False
Is 60212444477 prime?
True
Is 645594289 prime?
False
Is 22270799417 a composite number?
True
Is 12294679169 a composite number?
False
Is 13851609517 composite?
False
Is 1784843389 a composite number?
True
Is 53788141483 prime?
True
Is 12813321806 a prime number?
False
Is 1714601773 composite?
True
Is 5304612701 a composite number?
True
Is 58335361727 prime?
False
Is 3836802833 a composite number?
False
Is 8040308279 composite?
False
Is 263477106133 a prime number?
True
Is 1592975449 composite?
True
Is 8216131597 composite?
False
Is 750778331 a prime number?
False
Is 3498989899 a composite number?
True
Is 1089510583 composite?
True
Is 779339213 prime?
True
Is 18273559 a composite number?
False
Is 25825687189 a prime number?
True
Is 39470046071 composite?
False
Is 1225813069 a prime number?
False
Is 24167569117 a composite number?
False
Is 1100008451 prime?
True
Is 427539253 composite?
False
Is 1027416361 prime?
False
Is 449934498551 composite?
False
Is 73694685013 a prime number?
False
Is 5112509393 a composite number?
False
Is 1321498309 a composite number?
False
Is 11914669133 a composite number?
False
Is 28436413169 composite?
False
Is 724972649 a prime number?
False
Is 1082732333 prime?
False
Is 60116837797 prime?
False
Is 536420008309 composite?
False
Is 101298599 prime?
True
Is 9225339523 a prime number?
False
Is 391697243 prime?
False
Is 16415382803 composite?
False
Is 20235178309 a composite number?
True
Is 1341372863 composite?
True
Is 3382432919 composite?
False
Is 29923429 prime?
False
Is 130381982593 a prime number?
True
Is 982666307 a composite number?
True
Is 1147256317 composite?
False
Is 6495000299 composite?
True
Is 286437493 a composite number?
True
Is 4207720651 composite?
False
Is 96462878401 prime?
True
Is 225328307 a composite number?
False
Is 42694928483 prime?
True
Is 2884446907 prime?
True
Is 4728401453 a prime number?
True
Is 13155868041 a composite number?
True
Is 568584977 a composite number?
False
Is 3460399573 composite?
True
Is 1585212859 composite?
False
Is 997633291 a prime number?
False
Is 596453887 prime?
True
Is 7713491609 a composite number?
False
Is 486512099 a composite number?
True
Is 1753219477 a prime number?
False
Is 3330711623 a prime number?
True
Is 9652717391 a composite number?
True
Is 64794597167 composite?
True
Is 270287797799 a prime number?
True
Is 2447896129 a prime number?
False
Is 1624045937 a prime number?
True
Is 141384930019 a prime number?
True
Is 18400444091 prime?
True
Is 2265646417 prime?
True
Is 7069391171 prime?
True
Is 793667 a prime number?
False
Is 5191113679 prime?
False
Is 29322963851 composite?
True
Is 426425533 prime?
True
Is 9594241 a composite number?
True
Is 1114611793 prime?
False
Is 341688161 a prime number?
False
Is 194803857517 a prime number?
True
Is 54745512137 a prime number?
True
Is 47004011303 prime?
True
Is 74680954277 a composite number?
True
Is 103220435567 composite?
False
Is 183805123 prime?
True
Is 11338601513 a prime number?
False
Is 475632359 composite?
False
Is 2082857669 prime?
True
Is 668541061 composite?
False
Is 31495950646 a composite number?
True
Is 174396841 prime?
True
Is 845427657 a composite number?
True
Is 68221394951 composite?
False
Is 2101678211 a prime number?
False
Is 13721454821 a prime number?
False
Is 42333689851 a composite number?
True
Is 8082759169 prime?
False
Is 119172631 prime?
True
Is 6374468489 a composite number?
True
Is 9224829329 composite?
False
Is 18199586357 a prime number?
True
Is 983119619 prime?
True
Is 793531033 prime?
False
Is 4043224447 prime?
True
Is 9208467929 a prime number?
True
Is 439233537 composite?
True
Is 96195417257 a composite number?
False
Is 169772689 a prime number?
True
Is 95431493 composite?
False
Is 989626537 composite?
True
Is 336401017 a composite number?
True
Is 46318232287 composite?
True
Is 9804295871 a prime number?
True
Is 762252553 prime?
True
Is 36677437 a composite number?
True
Is 52214749957 a prime number?
True
Is 499695811 a prime number?
False
Is 781230601 a prime number?
True
Is 677657843 a prime number?
False
Is 74263719 a prime number?
False
Is 6022906457 composite?
True
Is 34044909079 composite?
False
Is 3310900055 prime?
False
Is 1045125413 a prime number?
False
Is 566377913 prime?
False
Is 7415427989 composite?
False
Is 362309399 a composite number?
True
Is 4114737233 composite?
True
Is 110584853929 composite?
True
Is 3952975973 a prime number?
False
Is 22321549 composite?
False
Is 342744638849 a prime number?
True
Is 24411908219 a composite number?
False
Is 778915859 prime?
True
Is 781992817 a prime number?
False
Is 422593997 a prime number?
False
Is 1862783701 a composite number?
False
Is 94847124934 prime?
False
Is 4309051927 prime?
True
Is 161857103 prime?
True
Is 60360219463 a prime number?
True
Is 359421053 a composite number?
True
Is 39637331 composite?
False
Is 182520511 composite?
False
Is 367063061 composite?
True
Is 13192629161 a composite number?
Tru